ommon divisor of 72 and 711.
9
What is the highest common divisor of 95 and 38?
19
Calculate the greatest common factor of 750 and 30.
30
Calculate the highest common factor of 84 and 1596.
84
Calculate the highest common divisor of 24 and 72.
24
Calculate the highest common divisor of 13 and 247.
13
What is the highest common factor of 729 and 45?
9
Calculate the highest common divisor of 405 and 1539.
81
What is the highest common divisor of 510 and 120?
30
Calculate the greatest common factor of 584 and 4891.
73
Calculate the highest common factor of 180 and 270.
90
What is the greatest common divisor of 11 and 143?
11
What is the greatest common divisor of 484 and 8?
4
What is the highest common divisor of 48 and 448?
16
Calculate the greatest common factor of 630 and 504.
126
Calculate the highest common divisor of 279 and 531.
9
What is the highest common divisor of 33813 and 39?
39
Calculate the greatest common divisor of 48 and 666.
6
What is the greatest common factor of 5313 and 253?
253
Calculate the highest common factor of 36 and 54.
18
Calculate the greatest common divisor of 52 and 5057.
13
Calculate the greatest common divisor of 116 and 3306.
58
Calculate the greatest common divisor of 6950 and 2.
2
What is the highest common factor of 18 and 1152?
18
Calculate the highest common divisor of 1738 and 22.
22
What is the greatest common divisor of 104 and 24?
8
What is the greatest common factor of 980 and 12?
4
Calculate the highest common divisor of 4 and 175.
1
What is the highest common factor of 69 and 69?
69
What is the highest common factor of 112 and 27216?
112
What is the greatest common divisor of 2724 and 36?
12
What is the greatest common factor of 8 and 36?
4
What is the greatest common factor of 426 and 21087?
213
What is the greatest common factor of 658 and 94?
94
What is the highest common factor of 243 and 18?
9
Calculate the highest common divisor of 60 and 8910.
30
Calculate the greatest common divisor of 3488 and 327.
109
What is the highest common factor of 1164 and 36?
12
What is the greatest common divisor of 195 and 45?
15
What is the greatest common factor of 4623 and 201?
201
What is the highest common factor of 144 and 54?
18
What is the highest common factor of 8 and 2696?
8
Calculate the greatest common divisor of 83 and 2407.
83
Calculate the greatest common factor of 108 and 30.
6
Calculate the highest common factor of 9 and 16848.
9
What is the greatest common divisor of 50 and 21550?
50
What is the greatest common factor of 2781 and 27?
27
Calculate the greatest common divisor of 480 and 120.
120
Calculate the highest common factor of 52 and 494.
26
What is the highest common divisor of 748 and 33?
11
Calculate the highest common divisor of 124 and 1085.
31
Calculate the greatest common factor of 261 and 377.
29
What is the greatest common factor of 1216 and 256?
64
Calculate the highest common divisor of 2790 and 2945.
155
Calculate the highest common divisor of 37 and 481.
37
What is the greatest common divisor of 175 and 7?
7
Calculate the greatest common divisor of 57 and 3648.
57
What is the greatest common divisor of 1903 and 173?
173
Calculate the highest common divisor of 920 and 1265.
115
What is the greatest common divisor of 102 and 12?
6
Calculate the greatest common divisor of 39 and 14859.
39
Calculate the highest common factor of 7828 and 2369.
103
Calculate the highest common divisor of 550 and 8.
2
Calculate the highest common divisor of 12544 and 147.
49
Calculate the highest common divisor of 15 and 5715.
15
What is the highest common divisor of 5 and 2435?
5
Calculate the highest common factor of 32 and 864.
32
What is the highest common divisor of 1170 and 720?
90
Calculate the greatest common divisor of 16 and 264.
8
What is the highest common divisor of 216 and 792?
72
Calculate the highest common divisor of 3 and 198.
3
Calculate the greatest common factor of 11840 and 2880.
320
What is the highest common factor of 15 and 20?
5
Calculate the highest common factor of 13 and 3679.
13
Calculate the greatest common divisor of 2473 and 1.
1
Calculate the highest common factor of 472 and 248.
8
Calculate the greatest common divisor of 121 and 99.
11
Calculate the highest common divisor of 65 and 39.
13
What is the highest common factor of 319 and 11?
11
Calculate the highest common factor of 70 and 56.
14
What is the greatest common factor of 817 and 19?
19
What is the greatest common factor of 3910 and 1840?
230
What is the highest common divisor of 12 and 1164?
12
Calculate the greatest common factor of 400 and 3700.
100
What is the greatest common factor of 106 and 23373?
53
Calculate the highest common divisor of 77 and 1232.
77
Calculate the highest common divisor of 19 and 19.
19
Calculate the highest common divisor of 39 and 3783.
39
What is the highest common factor of 147 and 3675?
147
Calculate the highest common divisor of 3333 and 66.
33
What is the greatest common factor of 627 and 228?
57
Calculate the highest common divisor of 32 and 9952.
32
What is the greatest common divisor of 30 and 355?
5
What is the highest common factor of 407 and 37?
37
What is the greatest common factor of 494 and 76?
38
What is the greatest common divisor of 12063 and 3?
3
What is the highest common divisor of 22 and 4?
2
What is the highest common divisor of 183 and 2989?
61
Calculate the highest common divisor of 176 and 1100.
44
Calculate the highest common divisor of 21 and 91.
7
Calculate the greatest common divisor of 589 and 38.
19
What is the highest common factor of 225 and 5625?
225
Calculate the highest common divisor of 11 and 10967.
11
Calculate the highest common divisor of 176 and 4213.
11
Calculate the greatest common factor of 23 and 713.
23
What is the greatest common divisor of 6747 and 117?
39
Calculate the highest common factor of 589 and 266.
19
Calculate the greatest common divisor of 462 and 66.
66
What is the greatest common divisor of 425 and 340?
85
Calculate the greatest common divisor of 56 and 392.
56
What is the greatest common factor of 3726 and 324?
162
Calculate the greatest common divisor of 266 and 5187.
133
Calculate the highest common factor of 21 and 1491.
21
Calculate the highest common factor of 33 and 220.
11
What is the greatest common factor of 656 and 16?
16
What is the highest common factor of 1580 and 79?
79
What is the highest common divisor of 12 and 84?
12
What is the highest common factor of 1410 and 170?
10
What is the highest common factor of 36 and 27?
9
What is the greatest common factor of 1240 and 3968?
248
What is the greatest common factor of 102 and 238?
34
Calculate the greatest common factor of 5644 and 5312.
332
What is the highest common factor of 80 and 496?
16
Calculate the greatest common divisor of 88 and 66.
22
What is the highest common factor of 888 and 456?
24
What is the highest common factor of 306 and 12?
6
Calculate the highest common factor of 1677 and 258.
129
What is the greatest common factor of 705 and 45?
15
Calculate the highest common divisor of 43 and 301.
43
Calculate the highest common factor of 119 and 56.
7
What is the highest common divisor of 520 and 320?
40
What is the greatest common divisor of 228 and 60?
12
What is the highest common divisor of 12448 and 256?
32
Calculate the greatest common factor of 69 and 874.
23
Calculate the highest common divisor of 384 and 48.
48
What is the highest common divisor of 489 and 3?
3
Calculate the greatest common divisor of 155 and 15.
5
What is the greatest common divisor of 3475 and 139?
139
What is the highest common factor of 6 and 49?
1
Calculate the greatest common factor of 455 and 35.
35
Calculate the greatest common factor of 3990 and 84.
42
Calculate the highest common divisor of 3775 and 25.
25
Calculate the highest common factor of 594 and 108.
54
What is the greatest common divisor of 16501 and 29?
29
What is the greatest common divisor of 87 and 1160?
29
Calculate the greatest common factor of 8952 and 96.
24
What is the greatest common factor of 20 and 1024?
4
What is the highest common factor of 286 and 429?
143
Calculate the greatest common divisor of 650 and 50.
50
Calculate the highest common divisor of 2279 and 53.
53
Calculate the 